{"id":1340,"date":"2016-09-06T13:07:23","date_gmt":"2016-09-06T11:07:23","guid":{"rendered":"http:\/\/www.ggs-merianstr.de\/wordpress\/?page_id=1340"},"modified":"2026-03-27T12:00:18","modified_gmt":"2026-03-27T11:00:18","slug":"home","status":"publish","type":"page","link":"https:\/\/www.ggs-merianstr.de\/wordpress\/","title":{"rendered":"Home"},"content":{"rendered":"\n<div class=\"wp-block-group is-layout-flow wp-block-group-is-layout-flow\">\n<p class=\"has-text-align-center has-text-color has-link-color has-large-font-size wp-elements-937aa681697f959151d4d581d26bfa04\" style=\"color:#5d179e\"><strong><em>Gemeinsam erfolgreich lernen <\/em><\/strong><\/p>\n\n\n\n<p class=\"has-text-align-center has-text-color has-link-color has-large-font-size wp-elements-065c1ae56e70e711b8f4cc1ed0e21d91\" style=\"color:#5d179e\"><strong><em>im K\u00f6lner Norden<\/em><\/strong><\/p>\n\n\n\n<div class=\"wp-block-buttons alignfull is-content-justification-center is-layout-flex wp-container-core-buttons-is-layout-72caf8c6 wp-block-buttons-is-layout-flex\">\n<div class=\"wp-block-button has-custom-width wp-block-button__width-25\"><a class=\"wp-block-button__link has-background wp-element-button\" href=\"https:\/\/www.ggs-merianstr.de\/wordpress\/?page_id=1575\" style=\"background-color:#601f9d\"><em>Aktuelles<\/em><\/a><\/div>\n\n\n\n<div class=\"wp-block-button has-custom-width wp-block-button__width-25\"><a class=\"wp-block-button__link has-background wp-element-button\" href=\"https:\/\/www.ggs-merianstr.de\/wordpress\/?page_id=1365\" style=\"background-color:#601f9d\"><em>Schulleben<\/em><\/a><\/div>\n\n\n\n<div class=\"wp-block-button has-custom-width wp-block-button__width-25\"><a class=\"wp-block-button__link has-background wp-element-button\" href=\"https:\/\/www.ggs-merianstr.de\/wordpress\/?page_id=1344\" style=\"background-color:#601f9d\"><em> Team<\/em><\/a><\/div>\n\n\n\n<div class=\"wp-block-button has-custom-width wp-block-button__width-25 is-style-fill\"><a class=\"wp-block-button__link has-background wp-element-button\" href=\"https:\/\/www.ggs-merianstr.de\/wordpress\/?page_id=1467\" style=\"background-color:#601f9d\"><em>OGTS<\/em><\/a><\/div>\n\n\n\n<div class=\"wp-block-button has-custom-width wp-block-button__width-25\"><a class=\"wp-block-button__link has-background wp-element-button\" href=\"https:\/\/www.ggs-merianstr.de\/wordpress\/?page_id=3386\" style=\"background-color:#601f9d\"><em>Kinderseite<\/em><\/a><\/div>\n\n\n\n<div class=\"wp-block-button has-custom-width wp-block-button__width-25\"><a class=\"wp-block-button__link has-background wp-element-button\" href=\"https:\/\/www.ggs-merianstr.de\/wordpress\/?page_id=2504\" style=\"background-color:#601f9d\"><em>Galerie<\/em><\/a><\/div>\n<\/div>\n\n\n\n<h4 class=\"wp-block-heading has-text-align-center\"><span style=\"font-size: 36pt;\">&nbsp;<\/span><strong><em>Das Team der GGS Merianstra\u00dfe hat es sich zur Aufgabe gemacht, jedes einzelne Kind in seiner Individualit\u00e4t zu unterst\u00fctzen und zu einer&nbsp;verantwortungsbewussten&nbsp;Lernhaltung zu f\u00fchren. <\/em><\/strong><\/h4>\n<\/div>\n\n\n\n<p class=\"has-text-align-center\"><strong><em>Gemeinsam f\u00f6rdern wir das respektvolle Verhalten&nbsp;und verankern Werte, Regeln und Rituale in unserem Schulleben. Die St\u00e4rkung und Entwicklung pers\u00f6nlicher Kompetenzen steht neben dem Fachlichen im Zentrum unserer Arbeit. <\/em><\/strong><\/p>\n\n\n\n<p class=\"has-text-align-center\"><strong><em>&#8222;Kinder haben Rechte. <\/em><br><em>Sie unterstehen Ihrem und unserem Schutz. Wir achten darauf.<\/em><br><em>Wir lassen kein Kind allein!<\/em><\/strong><\/p>\n\n\n\n<figure class=\"wp-block-image alignwide size-large\"><img loading=\"lazy\" decoding=\"async\" width=\"724\" height=\"1024\" src=\"https:\/\/www.ggs-merianstr.de\/wordpress\/wp-content\/uploads\/A-724x1024.png\" alt=\"\" class=\"wp-image-6058\" srcset=\"https:\/\/www.ggs-merianstr.de\/wordpress\/wp-content\/uploads\/A-724x1024.png 724w, https:\/\/www.ggs-merianstr.de\/wordpress\/wp-content\/uploads\/A-212x300.png 212w, https:\/\/www.ggs-merianstr.de\/wordpress\/wp-content\/uploads\/A-106x150.png 106w, https:\/\/www.ggs-merianstr.de\/wordpress\/wp-content\/uploads\/A-768x1086.png 768w, https:\/\/www.ggs-merianstr.de\/wordpress\/wp-content\/uploads\/A-1086x1536.png 1086w, https:\/\/www.ggs-merianstr.de\/wordpress\/wp-content\/uploads\/A.png 1414w\" sizes=\"auto, (max-width: 724px) 100vw, 724px\" \/><\/figure>\n\n\n\n<p><\/p>\n","protected":false},"excerpt":{"rendered":"<p>Gemeinsam erfolgreich lernen im K\u00f6lner Norden &nbsp;Das Team der GGS Merianstra\u00dfe hat es sich zur Aufgabe gemacht, jedes einzelne Kind in seiner Individualit\u00e4t zu unterst\u00fctzen und zu einer&nbsp;verantwortungsbewussten&nbsp;Lernhaltung zu f\u00fchren. Gemeinsam f\u00f6rdern wir das respektvolle Verhalten&nbsp;und verankern Werte, Regeln und<\/p>\n","protected":false},"author":16,"featured_media":0,"parent":0,"menu_order":0,"comment_status":"closed","ping_status":"closed","template":"","meta":{"footnotes":""},"class_list":["post-1340","page","type-page","status-publish","hentry"],"_links":{"self":[{"href":"https:\/\/www.ggs-merianstr.de\/wordpress\/index.php?rest_route=\/wp\/v2\/pages\/1340","targetHints":{"allow":["GET"]}}],"collection":[{"href":"https:\/\/www.ggs-merianstr.de\/wordpress\/index.php?rest_route=\/wp\/v2\/pages"}],"about":[{"href":"https:\/\/www.ggs-merianstr.de\/wordpress\/index.php?rest_route=\/wp\/v2\/types\/page"}],"author":[{"embeddable":true,"href":"https:\/\/www.ggs-merianstr.de\/wordpress\/index.php?rest_route=\/wp\/v2\/users\/16"}],"replies":[{"embeddable":true,"href":"https:\/\/www.ggs-merianstr.de\/wordpress\/index.php?rest_route=%2Fwp%2Fv2%2Fcomments&post=1340"}],"version-history":[{"count":443,"href":"https:\/\/www.ggs-merianstr.de\/wordpress\/index.php?rest_route=\/wp\/v2\/pages\/1340\/revisions"}],"predecessor-version":[{"id":6060,"href":"https:\/\/www.ggs-merianstr.de\/wordpress\/index.php?rest_route=\/wp\/v2\/pages\/1340\/revisions\/6060"}],"wp:attachment":[{"href":"https:\/\/www.ggs-merianstr.de\/wordpress\/index.php?rest_route=%2Fwp%2Fv2%2Fmedia&parent=1340"}],"curies":[{"name":"wp","href":"https:\/\/api.w.org\/{rel}","templated":true}]}}